+ v = -5210. What is the hundreds digit of m?
2
Suppose -2*z + 5*w = -5610, -164*w + 8394 = 3*z - 168*w. What is the thousands digit of z?
2
Let l be (-117)/26*(-488)/6. Let d = 633 - l. What is the hundreds digit of d?
2
Suppose -7*l - 12 + 47 = 0. Suppose 4*z - 1531 = -2*y + y, -y + 1914 = l*z. What is the hundreds digit of z?
3
Let k be -1*((-40)/15)/(2/3). Suppose 2*v + 308 = 5*t, -k*t + 2*v + 232 = 4*v. What is the tens digit of t?
6
Let t = -50 - -49. Let w be 353/(-1) - 3*t. Let h = -247 - w. What is the units digit of h?
3
Suppose 18*b + 38*b = -22*b + 591084. What is the thousands digit of b?
7
Let q = -181 + 188. Suppose 3*j = q*j - 680. What is the tens digit of j?
7
Let r = 20 + -18. Let s be 2/(4/r) - 204/4. Let t = s + 128. What is the tens digit of t?
7
Let k(h) = 930*h - 117. What is the tens digit of k(17)?
9
Let l(d) = 1385*d - 82. Let n be l(6). What is the hundreds digit of -2 + 132/60 + n/10?
8
Let y = 241 - 230. Suppose -1879 = -y*c + 1608. What is the tens digit of c?
1
Suppose -3*i + 39981 = -3*v, -66665 = -5*i + 11*v - 12*v. What is the hundreds digit of i?
3
Let i(x) = 2*x**2 - 18*x + 38. Let h be i(6). Suppose 3*q + 3*o - 5151 = 0, h*q + 3*o = -2*o + 3437. What is the thousands digit of q?
1
Let y(u) = u + 29. Let v be y(-8). Let a(m) = -v*m**2 + 12*m**2 - 17 - 4 - 9*m + 11*m**2. What is the tens digit of a(10)?
8
Suppose 2*w = 3*f - 2451, 7*w = 5*f + 6*w - 4085. Let o = 206 + f. What is the hundreds digit of o?
0
Let v = 29026 + -14979. What is the hundreds digit of v?
0
Suppose 5*x - 6*x = -5. Let u(c) = c**3 - 3*c**2 + 4*c - 3. Let y be u(x). Suppose -3*f = -y - 215. What is the tens digit of f?
9
Suppose -j = 10*j + 1342. Let a = j + 402. What is the tens digit of a?
8
Suppose 3*h - 40951 = -4*p, -15*h + 10*h + 68275 = -5*p. Suppose -11*q + h = -2*q. What is the units digit of q?
7
Suppose 2*r - 4*y = 20, -4*r + 3*y + 15 = -0*y. Suppose 3*t - 5*t = r. Suppose 0 = -2*o - p + 64, t*o - 3*p = 3*o - 93. What is the units digit of o?
3
Let n = 4331 - 3251. What is the tens digit of n?
8
Let n(r) = -r + 5*r + 12*r**2 + 4*r - 12*r + 3*r - r**3 - 1. Let h = 7 + -2. What is the tens digit of n(h)?
6
Suppose -2 + 27 = 5*k, -4*k + 17 = 3*p. Let m be p/(9/(-12) - (-2)/4). Let x(t) = t**3 - 2*t**2 + 5*t - 4. What is the tens digit of x(m)?
4
Suppose 0 = -4*l + 8*m - 5*m + 56, 0 = -4*m. Let t(x) = -x + 108. What is the units digit of t(l)?
4
Suppose 0 = q - 6, -3*z + 45762 - 17436 = -5*q. What is the thousands digit of z?
9
Let j(x) = 2*x**3 + 22*x**2 - x - 5. Suppose -12*l - 22 = 110. Let r be j(l). Suppose -2*m - 300 = -5*t, t - 4*m + r*m = 72. What is the tens digit of t?
6
What is the units digit of (-20)/2 - 23*-162?
6
Suppose 12*v + 100936 - 19968 = 41*v. What is the tens digit of v?
9
Let v(g) = -6672*g - 1334. What is the units digit of v(-3)?
2
Let k be ((-12)/10)/((-12)/30). What is the hundreds digit of (-6 - 6)*(-233)/k?
9
Let b(y) = -3 + 6 - y**2 + 5*y + 9 + y. Let c be b(7). What is the units digit of (-4)/(((-25)/60)/c)?
8
Let z = -255 + 250. What is the hundreds digit of (904 - 21/7) + z?
8
Let o = 6 - -23. Let r = o + 18. Suppose -5 = 46*n - r*n. What is the units digit of n?
5
Let l = -182 + 92. Let b = -86 - l. Suppose -5*r - 571 = -5*f + 304, b*f - 2*r = 696. What is the hundreds digit of f?
1
Suppose -2014 = 30*a - 15663 - 44341. What is the hundreds digit of a?
9
Let h(m) = 144*m - 3676. What is the thousands digit of h(81)?
7
What is the thousands digit of ((-1419)/6)/(47/(-3008))?
5
Suppose -10*n = -16 - 24. Suppose 0 = -14*o + n*o + 5350. What is the units digit of o?
5
Let d = 225 - 108. Let c = d - -208. What is the hundreds digit of c?
3
Let b(y) = -318*y + 868. What is the units digit of b(-20)?
8
Suppose 176*y - 1268390 - 466042 = -48*y. What is the tens digit of y?
4
Let d = -88 + 434. Suppose -3*g - 2*n + 117 = -882, 5*n = -g + d. What is the units digit of g?
1
Let w = 89 - 84. What is the hundreds digit of (138/w)/((-38)/(-475))?
3
Let q(y) = 88*y**2 + 68*y - 309. What is the tens digit of q(23)?
0
What is the thousands digit of 39084*3/6 - 12?
9
Suppose 4*o - 10*o - 516 = 0. Let k = o - -61. Let a = k + 34. What is the units digit of a?
9
Let d be 3979 - (-21)/(-7) - 4. Suppose -d = -3*c - 9*c. What is the tens digit of c?
3
Let a = -51048 + 74550. What is the units digit of a?
2
Let v(c) = c. Let f(q) = -2*q - 20. Let n(h) = -f(h) + 4*v(h). What is the tens digit of n(16)?
1
Let s(i) be the third derivative of -11*i**4/12 - 2*i**3/3 + 11*i**2. Let l be s(-5). Suppose -19 = -q + l. What is the hundreds digit of q?
1
Let b(x) = 5*x + 273. What is the tens digit of b(11)?
2
Let i be (-1)/((-25)/(-15)*15/25). What is the units digit of (-4 + -5 - 2)/(i/15)?
5
Let o be (85/15)/(2/(-24)*-4). Suppose -o*y = 7*y - 8472. What is the units digit of y?
3
Let d = -23925 - -67284. What is the thousands digit of d?
3
Suppose 244*r + 134*r - 28493 - 2742625 = 0. What is the hundreds digit of r?
3
Let f = 10247 + -6782. Suppose -125*s + f = -110*s. What is the hundreds digit of s?
2
Suppose -u + 5*v + 4584 + 1997 = 0, 5*u + v = 32827. What is the hundreds digit of u?
5
Let r = 91 + -91. Suppose -4*h + 28*h - 17688 = r. What is the tens digit of h?
3
Suppose 2*j = -4*s + 9*s + 31, 0 = -3*j + 3*s + 24. What is the units digit of 1/(j - 194/65)?
5
Let r(d) = -2*d - 32. Let z be r(-17). Let f be 6/9 - z/(-6). Suppose -5*u + f + 504 = 0. What is the units digit of u?
1
Suppose -7*c + 2*c = -q + 58, -13 = -q - 4*c. Suppose q*s - 7770 = -4*s. What is the units digit of s?
0
Let a = 8 + -2. Suppose 0 = -q + 5*u + 2, -a*q + u - 20 = -7*q. What is the tens digit of q?
1
What is the units digit of (-1 + (-175)/(-5))/(((-11)/(-314))/11)?
6
Suppose 6141 = 4*f - 5*m, -4*f - 3*m + 6142 = 9. Let o = f + -871. What is the hundreds digit of o?
6
Let d = 89 + -86. Suppose 6*n = -d + 21. Suppose -p + 17 = -n*l - 66, 5*l = -4*p + 366. What is the tens digit of p?
8
Suppose -90*g = 177*g - 3944658. What is the hundreds digit of g?
7
Let c = 7 + -9. What is the tens digit of -1*((-4322)/16 + c/(-16))?
7
Let c(f) = 13*f + 3. Suppose -5*r = -3*r - 20. Let l(i) = 6*i + 2. Let p(h) = r*l(h) - 4*c(h). What is the tens digit of p(5)?
4
Let x be ((-168)/(-6))/4 - 0/2. Suppose -x*y + 3 = -18. Suppose -y*h - 7*h = -2910. What is the units digit of h?
1
Suppose -n - 7 = -a, 0*a - a = 2*n - 7. Suppose 5*p - 3886 = a*h - 3*h, -4*p + h = -3111. What is the tens digit of p?
7
Suppose -w + 17740 = 16*l - 13*l, 4*w - 3*l - 71050 = 0. What is the ten thousands digit of w?
1
Let s = 9852 - 4798. What is the tens digit of s?
5
Suppose k = -4*f + 32654, 193*f - 195*f - 2*k = -16330. What is the units digit of f?
3
Let y(n) = 2*n**2 - 17*n + 8. Suppose -4 = h, -b + 24 = -4*h - 0. Let f be y(b). Suppose f = -r - 0*r + 2*m + 64, 2*m + 6 = 0. What is the units digit of r?
8
Let t(q) = q**3 - 4*q**2 + 2*q - 6. Let o be t(4). Let r be 3/(2 + -2 + o/18). Suppose -1190 = -34*m + r*m. What is the units digit of m?
0
Suppose -5595 = -4*p + p. Let v = p - 1248. What is the units digit of v?
7
Let q(p) = p**2 + 2*p. Let l(h) = -136*h**2 + 12*h - 2. Let o(i) = -l(i) + 2*q(i). What is the hundreds digit of o(2)?
5
Let a(q) = 9*q**2 + 26*q - 276. What is the hundreds digit of a(-21)?
1
Suppose 50*z - 200974 = -62948 + 320174. What is the thousands digit of z?
9
Let v(m) = 7*m**2 - 85*m + 1318. What is the tens digit of v(17)?
9
Suppose -18*x + 2748 = -1338. Let k = x - 105. What is the hundreds digit of k?
1
Let c(u) = 190*u**2 - u - 3. Let h be c(2). Let y = -482 + -24. Let s = y + h. What is the tens digit of s?
4
Let p = 57 - 58. Let l be (-8 + p)/((-6)/832). What is the units digit of l/14 + 13/(-91)?
9
Let i(n) = -n**2 - 5*n + 62. Let v be i(-11). What is the tens digit of (-255)/v - 4 - (-4)/16?
6
Let g(j) = -13*j + 4*j + 0 + 12*j - 12. Suppose -o - 1 = 3, -5*f + 5*o = -125. What is the tens digit of g(f)?
5
Let w be 1*(45/6)/((-3)/6). What is the tens digit of 154*(w/(-5) - 10/4)?
7
Let c be 0/1 + 3 + 53. Suppose -2*k + 4*q - 94 = 0, k - 2*k + 4*q = 51. Let j = c - k. What is the units digit of j?
9
Let x(w) = -97*w + 12. Let a be x(2). Let l = a + 352. What is the units digit of l?
0
Suppose 0 = -2*i - 3*u + 4849, -i - 5*u + 2169 + 266 = 0. Suppose -i